 9 = -l. What is the remainder when 13 is divided by m?
3
Let k(s) = -s**3 - 22*s**2 - 11*s - 678. Let v(g) = 36*g - 1. What is the remainder when k(-23) is divided by v(1)?
34
Let k be 9 - 5/(-5)*(-2 - -2). Suppose q - k = -3*m + 25, 3*m + 5*q = 26. Let w = m - 5. Calculate the remainder when 26 is divided by w.
5
Suppose 3*x = 2*j - 666, -4*x = 3*j - x - 1014. Calculate the remainder when j is divided by (-45 + -12)/(7 - 8) - 0.
51
Let q be 4*(-9)/(-4) + 3. Suppose -r = 3*l - 55, -q*r + 3*l = -7*r - 203. What is the remainder when r is divided by 9?
7
Suppose -2*f = -2*u + 42, 2*f - 7*f + 14 = 2*u. Let w(j) = -14*j - 8. Let b be w(-10). Suppose 18*a = 16*a + b. What is the remainder when a is divided by u?
15
Suppose 2*b = -2, -2*o = 1506*b - 1502*b - 808. What is the remainder when o is divided by 35?
21
What is the remainder when 346 is divided by 12 + 8 - 15 - 179/(-1)?
162
Let t = -15311 - -18412. What is the remainder when t is divided by 8?
5
Let r(v) = -883*v + 23. Let s be r(1). Let c = -427 - s. Calculate the remainder when c is divided by 15.
13
Suppose 2*q - 3*z - 52 = q, 2*q = 2*z + 96. Suppose -67*h + 162*h = 68*h + 6156. Calculate the remainder when h is divided by q.
44
Suppose -15 = -232*d + 237*d, 4*g = 4*d + 2688. What is the remainder when g is divided by 24?
21
Let n(y) = 10*y**2 - 4*y - 56. Let u(r) = 2*r**2 - r. Let v(a) = -n(a) + 6*u(a). What is the remainder when v(-13) is divided by 47?
44
Let p(v) = -9*v**2 - 566*v + 717. What is the remainder when 304 is divided by p(-64)?
73
Suppose -13 + 11 = -3*i - r, -4*i - 8 = 4*r. Suppose 3*h - 268 = -x, 0 = h + 2*x + i*x - 104. What is the remainder when h is divided by 9?
7
Let l(m) = -3*m + 8. Let d be l(19). Let i = 59 + d. What is the remainder when 39 is divided by i?
9
Suppose 4*m = 6*m - 38. Let g = -69 + 77. Suppose g*u - 27 = -3. Calculate the remainder when m is divided by u.
1
Let i be (-129)/2*9/(135/(-10)). Suppose i - 2 = s. Calculate the remainder when 244 is divided by s.
39
Suppose -2*s - 2*y + 36 = 0, 19 = 2*s - y - 20. Suppose 1718 = s*t - 2101. What is the remainder when t is divided by 27?
12
Let l = 0 + 0. Suppose -68*i + 69*i = -7*u - 1303, 0 = 5*u + 10. What is the remainder when i/(-11) - (l - (-8)/44) is divided by 24?
21
Let f = 25 + -15. Calculate the remainder when (-365)/73 + ((-208)/2)/(-2) is divided by f.
7
Let n = 95 - 134. Let l = n + 37. Calculate the remainder when (-411)/(-12)*2 + l/4 is divided by 35.
33
Let a(b) = -b**3 - 7*b**2 + 92*b + 59. Calculate the remainder when a(-15) is divided by 179.
121
Suppose -y - 2*v - 162 = 0, 0 = -2*y + 6*v - 2*v - 316. Let w = y - -173. What is the remainder when 129 is divided by w?
12
Let n(g) = -g**3 + 32*g**2 + 8*g - 73. Calculate the remainder when n(32) is divided by 139.
44
Suppose w - 4 = 4*p, 5*w - 3*p - 3 = -0*w. Suppose -o + 26 - 15 = w. Calculate the remainder when 48 is divided by o.
4
Suppose 85 = 268*k - 263*k. What is the remainder when 1542 is divided by k?
12
Suppose 10*u = 7*u + 2*w + 65, -23 = -u + 2*w. Suppose u = 3*y - 27. Calculate the remainder when 46 is divided by y.
14
Let l(x) = -6*x + 8. Let d = -202 + 201. What is the remainder when l(-6) is divided by (-23)/((-6 + d)/7)?
21
Suppose 15*m = 14*m - 3*f + 884, 4*m = 3*f + 3446. Calculate the remainder when m is divided by 145.
141
Suppose -8978 = -33*p - 70*p + 36*p. Calculate the remainder when p is divided by 39.
17
Let h(s) = 25*s**2 - 820*s + 26. Calculate the remainder when 362 is divided by h(33).
171
Let o(v) = 2*v**2 + v - 33. Suppose 0 = -g + 54 - 48. What is the remainder when o(g) is divided by 4/(-3) + 1290/90?
6
Let p = 13 + -10. Suppose -239 = -7*z + 69. What is the remainder when 131 is divided by z/(-5)*-5*p/6?
21
Let d = 304 + -100. Suppose -4*a + 16 = 0, 0 = 5*u + 3*a - 7*a - d. Calculate the remainder when u is divided by (-32)/56*(-13 - 1).
4
Suppose -4*r + 4 = -0*r, -r + 21 = -2*n. Calculate the remainder when 25 is divided by (3*n/(-30))/(1/17).
8
Let j(c) = c**2 - 18*c - 74. Suppose 0 = -5*b - 5, 0*b - 2*b - 157 = 5*r. Let m = -4 - r. Calculate the remainder when m is divided by j(22).
13
Calculate the remainder when 47 is divided by (-9 - 35/(-15))/(9/(-54)).
7
Let u = -374 + 476. Suppose 4*y - 122 = -2*w, w = -w + y + u. Calculate the remainder when 209 is divided by w.
50
Calculate the remainder when 233 is divided by 228/5*4*10/16.
5
Let n(j) = j**2 + 74*j + 684. What is the remainder when 588 is divided by n(-10)?
16
Suppose 0 = -5*q + 5*g + 285, -496*q + 500*q - g - 216 = 0. Calculate the remainder when q is divided by 25.
3
Suppose 4*i + 2*i - 74460 = -54*i. What is the remainder when i is divided by 248?
1
Suppose d - 707 = -2*r, -3*d + 2874 = -3*r + 798. What is the remainder when d is divided by 181?
154
Let x(o) = -o**3 + 5*o**2 - o + 3. What is the remainder when (-3)/12*(-83 - 13) is divided by x(4)?
9
Let i(h) = h**2 + 7*h - 4. Suppose 79*z = 156*z - 1848. What is the remainder when i(7) is divided by z?
22
Let f = -4833 + 5399. What is the remainder when f is divided by 63?
62
Let u(t) = 97*t - 2997. What is the remainder when 266 is divided by u(31)?
6
Let z = 2804 - -8546. Calculate the remainder when z is divided by 14.
10
Let v(p) = p + 7. Let i be v(-4). Suppose 0 = 4*d - 4*o - 60, 5*d - 84 = 5*o - i*o. Suppose d*j - 24 = 15*j. Calculate the remainder when j is divided by 2.
0
Let c(r) = r**2 + 2*r + 3. Let d be c(-2). Suppose 271 = d*w - 53. What is the remainder when (0 - w/(-2)) + -1 is divided by 14?
11
Let m(f) = 13*f + 346. What is the remainder when 980 is divided by m(-26)?
4
Let o(f) = -f**2 + 77*f - 402. Calculate the remainder when o(71) is divided by (-65)/(-7) - (-6)/(-21).
6
Suppose -3 = -n - 5, 5*x - 2*n - 24 = 0. Suppose 5*b = -x*u - 234, -4*u + 42 = -b - 0*b. Let d = 89 + b. What is the remainder when d is divided by 11?
10
Let m(l) = l + 27. Let g be m(-23). Suppose -n = -q - 3*n + 5, 0 = q - g*n + 19. Calculate the remainder when 1 - 1/(1/q) is divided by 4.
0
Suppose 140*h - 180064 = 4*h. What is the remainder when h is divided by 647?
30
Suppose -m + p + 437 = 0, 1011 + 330 = 3*m + 3*p. Calculate the remainder when m is divided by 84.
22
Let n(h) be the first derivative of 7*h**4/12 - h**3/3 + 6*h - 17. Let y(k) be the first derivative of n(k). What is the remainder when y(2) is divided by 4?
0
Let j(d) = 665*d - 3983. Let u = 29 + -11. What is the remainder when u is divided by j(6)?
4
Suppose -26*j + 2050 = 22*j - 38*j. Calculate the remainder when 612 is divided by j.
202
What is the remainder when 21629 is divided by (4/6)/1 + (3648/36 - -1)?
102
Let c be (-748)/1*-2*2/4. Let i = -719 + c. Calculate the remainder when i is divided by 16.
13
Let t = 52 - 26. Suppose -564*x = -565*x + 3*o + 111, -5*o - 216 = -2*x. What is the remainder when x is divided by t?
15
Let p be 0 - (1 - 33) - 1. Let o = -15 + p. Let y(j) = -10*j + 824. Calculate the remainder when y(73) is divided by o.
14
Suppose 2*z + 8 = 0, 65 = 3*p - 8*z + 9*z. Suppose p*r - 126 = 19*r + 2*x, 4 = 4*x. Calculate the remainder when 85 is divided by r.
21
Let j = -367 - -370. What is the remainder when (-5)/30*j*-254 is divided by 34?
25
What is the remainder when 3170 is divided by (-3 + 1)*(-20234)/268?
150
Let y be (4*3)/(6 + -4). Calculate the remainder when (y/(-4))/(((-21)/(-386))/(-7)) is divided by 28.
25
Let p = -753 - -791. Let u(d) = -d**2 - 11*d - 6. What is the remainder when p is divided by u(-6)?
14
Suppose 2*p - 17*p + 3902 + 11263 = 0. Calculate the remainder when p is divided by 102.
93
Suppose 10*m = 22 + 48. Suppose -3*s + 19 = m. Suppose -b + 95 = 5*v - s*b, -2*v - 5*b + 69 = 0. What is the remainder when v is divided by 5?
2
Let g = 42455 + -42440. Suppose -4*t + 826 = -0*t + h, 0 = 4*t + 4*h - 832. Calculate the remainder when t is divided by g.
11
Suppose o = 3*v - 4, -o - 4*o = -3*v - 4. Calculate the remainder when (-1)/v*-3 + 732/8 is divided by 24.
21
Suppose 0 = -4*m + 40 + 8. Suppose m*j - 30 = 2*j. Suppose j*r + 5*c - 109 = -0*c, r + 3*c = 43. What is the remainder when 50 is divided by r?
22
Let c be 40/5 + -3 + -3 + 8. Suppose 5*j = -s - c, 5 = 3*j + 14. Calculate the remainder when s is divided by 3.
2
Let a = -5861 + 5914. Calculate the remainder when 282 is 